alse
Is 27155091449 composite?
True
Is 96583032499 prime?
True
Is 46135262242 prime?
False
Is 786603665 a composite number?
True
Is 8411767241 a composite number?
False
Is 13236699601 a prime number?
True
Is 22028436299 a prime number?
True
Is 1866639001 a prime number?
True
Is 13401797779 a prime number?
False
Is 40225982789 prime?
False
Is 4196030551 composite?
True
Is 5376767458 a composite number?
True
Is 11586263597 prime?
False
Is 3182491751 prime?
True
Is 64390479317 a prime number?
True
Is 68810786947 a prime number?
False
Is 19455790337 a composite number?
True
Is 3356769419 a prime number?
False
Is 80320321591 composite?
False
Is 2696040227 a prime number?
True
Is 83006041963 a prime number?
False
Is 7331026587 composite?
True
Is 3340877849 composite?
False
Is 28365627659 composite?
True
Is 2204145971 a composite number?
False
Is 17353059169 a composite number?
False
Is 455867791 prime?
False
Is 205160719 composite?
False
Is 1464196777 a composite number?
False
Is 946116203 prime?
True
Is 71730203 prime?
True
Is 4424399933 a prime number?
False
Is 32308738621 a composite number?
False
Is 17621212007 a composite number?
True
Is 40346958473 a composite number?
False
Is 12772923533 a composite number?
True
Is 5739467095 composite?
True
Is 7660447853 a prime number?
True
Is 18896113627 composite?
True
Is 30634722317 composite?
True
Is 7945629199 composite?
False
Is 2153315987 composite?
False
Is 49556621407 a composite number?
True
Is 4035761317 a prime number?
False
Is 736603457 a prime number?
False
Is 30269948099 a composite number?
False
Is 35244010589 a composite number?
False
Is 18892634245 prime?
False
Is 3930724533 a composite number?
True
Is 519220297 a composite number?
True
Is 2859258967 a composite number?
False
Is 2534747 a prime number?
True
Is 6716707 prime?
False
Is 1771884787 prime?
False
Is 17792297629 a composite number?
False
Is 6099264883 composite?
False
Is 1022444221 composite?
True
Is 6659314535 prime?
False
Is 48185105041 a prime number?
False
Is 4029038801 composite?
False
Is 11562529 a composite number?
True
Is 734350543 prime?
False
Is 28807904603 prime?
True
Is 140438276747 prime?
True
Is 2273276053 composite?
True
Is 30956738119 a composite number?
False
Is 172279129195 a prime number?
False
Is 2804113999 a composite number?
False
Is 8022101489 a prime number?
True
Is 345673903 composite?
True
Is 791243339 a composite number?
True
Is 34415642059 a composite number?
False
Is 473164123 a composite number?
True
Is 8740151743 a prime number?
True
Is 25551276953 prime?
False
Is 45440449997 prime?
False
Is 378369643 composite?
False
Is 6041179889 composite?
True
Is 38267369 prime?
False
Is 28403927107 a composite number?
True
Is 1354578847 a prime number?
False
Is 118543027 prime?
True
Is 20858017039 composite?
False
Is 1877187971 composite?
False
Is 56165068811 composite?
False
Is 3073660747 a prime number?
False
Is 8511630233 a prime number?
True
Is 14065201099 prime?
False
Is 2561503535 composite?
True
Is 1401980119 a prime number?
True
Is 1885404611 a prime number?
True
Is 979206329 composite?
False
Is 142772606153 a composite number?
False
Is 140503251197 a prime number?
True
Is 378881311 a prime number?
True
Is 4446277301 composite?
False
Is 286887067 prime?
True
Is 988344713 a composite number?
False
Is 37839379 a prime number?
False
Is 57996708499 prime?
True
Is 32332690147 composite?
False
Is 25961510117 a prime number?
True
Is 2358507841 prime?
True
Is 8330681959 prime?
True
Is 9071367517 prime?
True
Is 914085721 composite?
False
Is 612229511 a prime number?
True
Is 1450517239 prime?
True
Is 107600543 a prime number?
False
Is 1141889219 prime?
True
Is 167787839 composite?
True
Is 92597313643 a prime number?
False
Is 160257893 a prime number?
False
Is 2134557049 composite?
True
Is 1326370027 prime?
True
Is 497669813 composite?
False
Is 1466148137 a composite number?
False
Is 972136663 a prime number?
False
Is 518246335 prime?
False
Is 11793598403 a prime number?
False
Is 2190642149 composite?
False
Is 114725855963 a composite number?
False
Is 61727987197 a prime number?
True
Is 1100360203 a composite number?
True
Is 706011091 composite?
True
Is 12386863547 a prime number?
True
Is 7536246763 composite?
False
Is 21339304121 prime?
True
Is 116955077 a composite number?
True
Is 6426643205 prime?
False
Is 11326662833 composite?
True
Is 63939387 composite?
True
Is 8545703213 a composite number?
False
Is 840274367 a composite number?
False
Is 26564514787 prime?
True
Is 4224603443 a composite number?
False
Is 3033880543 composite?
True
Is 172504139 a composite number?
False
Is 462489610913 prime?
False
Is 58139844259 composite?
True
Is 8582409995 composite?
True
Is 60352273 a prime number?
True
Is 147685939 composite?
False
Is 37774513157 prime?
True
Is 1040677087 a composite number?
True
Is 4484637103 prime?
False
Is 21451784117 prime?
True
Is 12048605713 prime?
True
Is 34223417 a composite number?
False
Is 11505326513 prime?
False
Is 3878416811 a prime number?
True
Is 630693587 a composite number?
True
Is 794918602 a prime number?
False
Is 30814378607 prime?
True
Is 64658177 a prime number?
True
Is 103823413 a prime number?
False
Is 18768955 prime?
False
Is 1496946877 composite?
False
Is 10833875237 composite?
True
Is 7824207241 prime?
False
Is 1322828103 a prime number?
False
Is 1146940051 a prime number?
True
Is 10619845669 prime?
True
Is 1110386411 composite?
True
Is 19613779571 a composite number?
False
Is 660045251 prime?
True
Is 1559945323 a composite number?
True
Is 16765046759 composite?
True
Is 769098703 a prime number?
True
Is 87383107 a prime number?
False
Is 54491625761 prime?
False
Is 74542680361 a prime number?
True
Is 58490112827 a prime number?
True
Is 1995747029 a prime number?
True
Is 2708844793 composite?
False
Is 9945213783 composite?
True
Is 619451857 composite?
True
Is 2541854927 prime?
True
Is 17803556569 prime?
True
Is 15496253573 a composite number?
False
Is 1696533233 a composite number?
True
Is 1568919379 composite?
True
Is 333879367 a composite number?
False
Is 279403771 prime?
False
Is 17397432449 composite?
True
Is 2471591447 prime?
False
Is 464959093 a prime number?
True
Is 33196289353 prime?
True
Is 63328051877 composite?
True
Is 96563591269 composite?
False
Is 7461229421 composite?
True
Is 820881163 a composite number?
True
Is 1148509139 prime?
True
Is 771516635 composite?
True
Is 778063397 prime?
False
Is 371578033 a composite number?
True
Is 33303546529 prime?
False
Is 4539829051 prime?
True
Is 492637259 composite?
True
Is 52607973973 a composite number?
False
Is 117779681 prime?
False
Is 28063823 composite?
True
Is 44117518969 a prime number?
True
Is 3418191977 prime?
True
Is 1418878507 composite?
False
Is 9670310989 a composite number?
False
Is 2338116149 prime?
True
Is 428046713 prime?
True
Is 37028671 a composite number?
False
Is 62687442211 composite?
False
Is 4620877957 a composite number?
True
Is 4308425177 composite?
True
Is 157819523 a prime number?
False
Is 5627960263 a composite number?
True
Is 668428889 composite?
False
Is 41936307457 a prime number?
False
Is 79437559 a composite number?
False
Is 4822510661 prime?
True
Is 78082271 prime?
True
Is 14070961609 a composite number?
True
Is 5144068819 prime?
False
Is 1566879649 a composite number?
False
Is 43881018514 composite?
True
Is 17514113395 a prime number?
False
Is 6602703563 a composite number?
False
Is 52412802434 prime?
False
Is 43249619363 a prime number?
False
Is 851406013 a prime number?
True
Is 1400564213 a prime number?
True
Is 13616378653 prime?
False
Is 10047237281 a prime number?
True
Is 2634681557 a composite number?
False
Is 1238695283 a prime number?
False
Is 13563185 a composite number?
True
Is 151256513 composite?
False
Is 67003260095 composite?
True
Is 326548993 a prime number?
True
Is 574168601 composite?
False
Is 62006474177 a composite number?
False
Is 9231696499 a composite number?
True
Is 9074870851 composite?
False
Is 1006974709 a composite number?
True
Is 709176887 a prime number?
False
Is 157450103 a prime number?
False
Is 388105777 composite?
True
Is 2456866277 a composite number?
False
Is 858099347 prime?
False
Is 20559265621 a prime number?
True
Is 43392457193 prime?
False
Is 2613